et z(t) = 2*t - 1. Let s be z(l). Let h be s/(-2)*-34 - -1. Calculate the highest common factor of h and 27.
9
Let u be (4/7)/(2/7). Calculate the greatest common divisor of 16 and u.
2
Suppose 0 = o + 4*o - 120. Suppose -4*k - 7*c + 29 = -2*c, -4*c = 4*k - o. What is the highest common factor of 4 and k?
1
Suppose 0 = -3*f + 4*z + 9 + 9, f - 3*z - 11 = 0. Suppose -32 = -6*o + f*o. What is the highest common factor of o and 8?
8
Suppose 5*s + 8 = 13. Calculate the greatest common factor of 5 and s.
1
Let i(j) = -j + 38. Let c be i(-22). Calculate the greatest common divisor of 12 and c.
12
Suppose -5*p = -3*d + 86, d - 4*d + 106 = 5*p. Calculate the highest common factor of 96 and d.
32
Let d(u) = -u**2 - 10*u + 14. Let f be d(-9). What is the greatest common divisor of 184 and f?
23
Let x = 2 - 0. Suppose -5*t = x*o + 7, -4*t = -4*o - o + 65. Let w = -21 + 24. Calculate the highest common divisor of w and o.
3
Let z(d) = -d - 3. Let p be z(-3). Suppose 5*a - 39 + 9 = p. Let y = 45 - a. Calculate the greatest common divisor of 13 and y.
13
Let s be ((-6)/18)/((-1)/3). Calculate the greatest common factor of 8 and s.
1
Let l(n) = -n**2 + 7*n - 3. Let h be l(6). Suppose -104 = -4*o - 20. What is the highest common divisor of h and o?
3
Suppose 2*o - 11 - 27 = 0. Let s be (-6)/18 + (-7)/(-3). Suppose 4*t + s*n - 310 = 0, 2*t + 4*n - 131 = 33. What is the greatest common divisor of o and t?
19
Let n = 117 - 32. What is the highest common factor of n and 51?
17
Let y(t) = t + 26. Let d be y(-18). What is the highest common divisor of d and 8?
8
Suppose 4*y - 15 = y. Suppose 2*j + y*h = h + 14, j - 16 = -5*h. Suppose -2*p = -j - 71. Calculate the greatest common divisor of p and 12.
12
Let m = -20 + 22. Calculate the highest common divisor of 2 and m.
2
Let b = 39 + -21. Calculate the highest common factor of 90 and b.
18
Suppose 4*d - 184 = -2*a, -7 = -2*d - 2*a + 87. Calculate the greatest common factor of 9 and d.
9
Suppose 92 = -3*l + 7*l. Let p = l - 7. Let x = -139 - -219. Calculate the greatest common divisor of p and x.
16
Suppose 0 = m + 3, -2*d + m - 24 = -3*d. What is the highest common factor of 297 and d?
27
Let g(k) = k + 9. Let i be g(-4). Suppose 29 = 3*v - i*l, -5*l + 7 = -5*v + 52. Calculate the highest common divisor of 8 and v.
8
Suppose 0 - 5 = 5*q - 2*u, 4*q - 4*u = -4. Let h be -1 + q*(-7 - -1). Let s = 4 - -1. Calculate the greatest common divisor of h and s.
5
Let x be 3*((-5)/(-3) - 1). Suppose 2*t = 2 + x. Suppose -8 - t = -2*w. Calculate the highest common divisor of 15 and w.
5
Let g = 185 + -123. What is the highest common factor of g and 31?
31
Let u = 42 + 155. Suppose 0 = 4*j + 2*c - 7*c - u, -2*c + 190 = 4*j. Calculate the greatest common divisor of j and 12.
12
Suppose -4*g = -4*z + 1016, -5*z - 3*g + 244 = -1034. Calculate the greatest common factor of 102 and z.
51
Let b be 133/3 + (-2)/(-3). Let c(m) = m**2 - 9*m - 1. Let o be c(10). What is the highest common factor of o and b?
9
Suppose 0 = -q + 3*j + 18 - 2, 0 = 5*q - 3*j - 80. What is the highest common factor of 160 and q?
16
Let o be (-6)/(-3 - -1) - 1. Suppose 12 + 6 = o*x. What is the greatest common factor of x and 1?
1
Suppose -11 = 2*h - 1. Let f(j) = -j + 3. Let y be f(h). Calculate the highest common divisor of 40 and y.
8
Let p be 996/33 - 8/44. Calculate the greatest common divisor of 12 and p.
6
Let u = -1 + 3. Suppose 0 = -2*d + 2 + u. Calculate the greatest common divisor of d and 22.
2
Suppose 0 = -3*t - h, -4*t - 4*h = -0*t. Suppose t*y - y + 7 = 0. What is the highest common factor of 7 and y?
7
Let c be (180/8)/5*6. Calculate the greatest common factor of c and 27.
27
Let t = -10 - -18. Suppose -10 + 50 = 2*h. Calculate the greatest common divisor of t and h.
4
Suppose 5*n = -u + 24, 5*u - n - 80 = -6*n. Let w(k) = k**3 - k + 154. Let h be w(0). Calculate the greatest common factor of u and h.
14
Let o = 149 - 4. What is the highest common factor of 5 and o?
5
Suppose 2*k + 0*c = -3*c + 154, 5*k - 385 = -3*c. Suppose 15 + 45 = -5*d. Let y = d - -23. What is the highest common factor of k and y?
11
Let l(u) = -2*u + 3. Let m be l(-6). What is the highest common factor of 120 and m?
15
Let i(b) = -1 - 4*b + b - b + 2*b**2. Let o be 3/(1 - 0) + 0. Let k be i(o). Calculate the highest common divisor of k and 15.
5
Suppose -11 = -2*h + 4*q + 77, 3*h - 135 = 5*q. Suppose -3*o - i + h = 0, 0 = 5*i - 12 - 13. What is the highest common factor of 150 and o?
15
Suppose 0 = 5*z + 25 - 85. Let q be -30*(2/(-5))/1. What is the highest common factor of z and q?
12
Let w(b) = 6*b. Let j be w(5). Calculate the highest common factor of j and 10.
10
Suppose 0 = 5*o + 3*o - 192. Suppose -4 = -0*s - s. Let x be 145/4 + (-1)/s. What is the highest common factor of x and o?
12
Let o be ((-228)/(-9))/(2/6). Let a(m) = m**3 + 6*m**2 - m + 13. Let j be a(-6). What is the highest common factor of o and j?
19
Let p = 121 + -1. What is the greatest common factor of p and 8?
8
Let t(j) = -256*j**2 + 1. Let o be t(-1). Let d be -1 + (-1 - -2 - o). Let a be -2*(-2)/(12/d). What is the greatest common factor of a and 17?
17
Suppose -44 = -2*i - 2*i. Let t(b) = -b**2 + 11*b + 3. Let s be t(i). What is the highest common divisor of 27 and s?
3
Suppose 3*r - 57 - 36 = -5*x, -3*x - 3*r = -57. Suppose -144 = -3*m + 177. Let d = m + -62. What is the greatest common divisor of d and x?
9
Suppose 0*j - 4*h - 52 = -4*j, -5*h - 38 = -2*j. Suppose 4*s + 3*c - j = -1, 3*c = 0. What is the highest common divisor of 10 and s?
2
Suppose 21 = 4*l + 9. Suppose -v - l*v = -88. Calculate the highest common factor of v and 55.
11
Let q = -84 - -134. Let m = q - -34. What is the highest common factor of 21 and m?
21
Suppose 3*w - w = 2*t - 50, 2*t + 4*w = 20. What is the greatest common factor of 5 and t?
5
Suppose k = -5, 3 = -2*c - 2*k + 19. Calculate the highest common factor of c and 65.
13
Suppose a - 96 = -5*b, -4*a + 2*b + 384 = -0*b. Calculate the highest common factor of 12 and a.
12
Let r(b) = b**2 + 2*b - 15. Let d be r(-8). Calculate the greatest common divisor of d and 55.
11
Let u(i) = i + 7. Let j be u(3). What is the highest common divisor of j and 60?
10
Suppose 0 = n - 0*n - 3. Suppose 90 = k + p - 56, 4*p = n*k - 417. Let z = -83 + k. Calculate the greatest common factor of 24 and z.
12
Let r be (-5 + 1)*3/(-1). Calculate the highest common divisor of 132 and r.
12
Suppose 5*j = 4*j + 3*z - 52, 181 = -4*j + 3*z. Let k = j + 108. Calculate the highest common divisor of 13 and k.
13
Let l = -10 + 5. Let i be -3 + (-6)/(-3) - l. Calculate the highest common divisor of i and 32.
4
Suppose 2*h = -k - 2*k + 91, 4*k - h - 136 = 0. Suppose 9*c - 78 = 219. Calculate the greatest common divisor of c and k.
33
Let c be (-2)/(-8) - (-5)/40*6. What is the greatest common divisor of 2 and c?
1
Let m = -148 - -165. Calculate the highest common divisor of m and 17.
17
Let b(s) = s**2 - s - 10. Let i be b(6). What is the greatest common factor of 20 and i?
20
Let v be 12/5*20/3. What is the greatest common divisor of 16 and v?
16
Let r = -46 - -53. Calculate the highest common factor of r and 77.
7
Suppose 5*m + 20 = 4*c - 20, c - 5*m + 5 = 0. Suppose 11*b = c*b - 432. What is the highest common divisor of b and 12?
12
Suppose -4 = -2*z + 4. Suppose 0 = -2*f - 2*p + 250, p - z*p = -15. Suppose 5*l + 9 + 1 = 2*h, 4*h - 72 = -3*l. Calculate the greatest common factor of f and h.
15
Suppose 2*n - 3*w = n - 17, 5*n + 15 = w. Let r be (3 + n)*3 + 3. Calculate the greatest common divisor of 4 and r.
2
Let g = -96 - -144. Let f(c) = 4*c**2 - 17*c + 1. Let x be f(5). Calculate the highest common divisor of x and g.
16
Suppose -3*q = -4*a - 74, q - 2*q + 23 = -a. Let u be (-4)/(-12) + 107/3. What is the greatest common factor of u and q?
18
Let z = -7 - -11. Let f = z - 11. Let h = 11 + f. What is the greatest common divisor of h and 4?
4
Suppose 17*t - 11*t - 48 = 0. Let m(u) = 31*u**3 + 2*u**2 - 1. Let a be m(1). Suppose a = f + f. What is the greatest common factor of f and t?
8
Suppose 3*z + 4*i - 28 = 0, -z + 11 = -4*i + 5*i. Suppose 2*g - 3*g = -2. Suppose -1 = 3*a + 2, 4*x + g*a = 62. Calculate the greatest common factor of x and z.
16
Suppose -8 + 0 = -4*o. Suppose 5*w - 10 = -c, -w = -